2946?
False
Is 197956 a multiple of 27?
False
Is 178024 a multiple of 68?
True
Does 67 divide 5175549?
True
Is 3072135 a multiple of 33?
True
Is 136543 a multiple of 36?
False
Does 351 divide 415918?
False
Is 40824 a multiple of 72?
True
Is 467 a factor of 8577276?
False
Does 102 divide 402492?
True
Does 6 divide 20382?
True
Is 13721040 a multiple of 34?
True
Does 31 divide 6340864?
True
Does 27 divide 519240?
False
Is 27942 a multiple of 75?
False
Does 476 divide 16600624?
False
Is 22 a factor of 2490374?
False
Does 40 divide 146400?
True
Does 99 divide 151013?
False
Is 77 a factor of 1459506?
False
Is 1973602 a multiple of 185?
False
Does 115 divide 628360?
True
Is 57426 a multiple of 6?
True
Does 37 divide 5027671?
True
Is 116484 a multiple of 34?
True
Is 13 a factor of 1281018?
False
Does 215 divide 73753?
False
Is 32 a factor of 225664?
True
Is 16 a factor of 7732259?
False
Is 4 a factor of 1291886?
False
Is 23 a factor of 521088?
True
Does 90 divide 2267190?
True
Does 6 divide 688596?
True
Is 842 a factor of 1670528?
True
Is 562198 a multiple of 10?
False
Is 3069230 a multiple of 265?
True
Is 342795 a multiple of 15?
True
Is 452 a factor of 1061194?
False
Is 4566114 a multiple of 21?
True
Is 4556416 a multiple of 142?
False
Is 122 a factor of 1821984?
False
Is 148568 a multiple of 379?
True
Does 201 divide 842398?
False
Is 2213893 a multiple of 5?
False
Is 3 a factor of 1523428?
False
Does 329 divide 6225009?
True
Is 787029 a multiple of 43?
True
Is 4278092 a multiple of 448?
False
Is 6262353 a multiple of 564?
False
Is 94766 a multiple of 14?
True
Is 19 a factor of 371375?
False
Does 252 divide 6250661?
False
Is 41 a factor of 11445273?
True
Does 13 divide 1276453?
False
Is 127 a factor of 89526?
False
Does 32 divide 10885792?
True
Is 844303 a multiple of 703?
True
Does 59 divide 51861?
True
Is 372007 a multiple of 11?
False
Does 201 divide 150191?
False
Is 15 a factor of 149535?
True
Does 140 divide 91280?
True
Is 44433 a multiple of 11?
False
Is 67629 a multiple of 234?
False
Is 1596092 a multiple of 70?
False
Is 83 a factor of 509263?
False
Is 150 a factor of 6068400?
True
Does 82 divide 883058?
True
Is 12 a factor of 444312?
True
Is 19 a factor of 2800695?
True
Is 566651 a multiple of 15?
False
Is 38 a factor of 295716?
True
Is 145556 a multiple of 4?
True
Is 29329966 a multiple of 62?
False
Does 217 divide 82243?
True
Is 253 a factor of 636548?
True
Is 1129854 a multiple of 323?
True
Does 49 divide 8251364?
False
Is 10 a factor of 55360?
True
Does 185 divide 345265?
False
Is 925927 a multiple of 19?
True
Is 8 a factor of 938915?
False
Is 34 a factor of 71348?
False
Is 513075 a multiple of 124?
False
Does 13 divide 81956?
False
Does 503 divide 208745?
True
Does 26 divide 375005?
False
Is 7199126 a multiple of 374?
True
Does 297 divide 5021973?
True
Does 10 divide 260257?
False
Is 48 a factor of 647616?
True
Does 52 divide 107276?
True
Is 143 a factor of 1174290?
False
Is 308546 a multiple of 7?
True
Does 13 divide 2294617?
True
Is 375249 a multiple of 96?
False
Is 128158 a multiple of 10?
False
Does 9 divide 600309?
True
Is 143392 a multiple of 7?
False
Is 58978 a multiple of 12?
False
Is 55 a factor of 62821?
False
Is 5052208 a multiple of 7?
True
Is 44234 a multiple of 4?
False
Does 123 divide 1037874?
True
Does 9 divide 13317?
False
Does 23 divide 181395?
False
Does 152 divide 440446?
False
Does 29 divide 2639?
True
Is 608808 a multiple of 24?
True
Is 89005 a multiple of 7?
True
Is 940471 a multiple of 604?
False
Is 26 a factor of 3013804?
False
Is 20919715 a multiple of 223?
False
Is 23660 a multiple of 14?
True
Is 3980401 a multiple of 245?
False
Is 515779 a multiple of 11?
True
Is 172843 a multiple of 11?
True
Is 23359925 a multiple of 113?
True
Is 58 a factor of 1442441?
False
Is 2570568 a multiple of 642?
True
Is 9253839 a multiple of 140?
False
Does 3 divide 1292?
False
Is 167857 a multiple of 151?
False
Is 131714 a multiple of 22?
True
Is 296 a factor of 13227?
False
Is 20003 a multiple of 14?
False
Does 596 divide 97744?
True
Is 18 a factor of 1154?
False
Does 25 divide 31488?
False
Is 18 a factor of 871827?
False
Does 175 divide 392682?
False
Does 3 divide 89004?
True
Does 52 divide 2972632?
True
Is 1969140 a multiple of 10?
True
Does 10 divide 1551549?
False
Does 25 divide 5412975?
True
Does 101 divide 31714?
True
Is 632021 a multiple of 11?
False
Is 56 a factor of 117419?
False
Does 116 divide 207647?
False
Is 3194000 a multiple of 100?
True
Is 623620 a multiple of 11?
False
Does 108 divide 7562052?
True
Is 7451047 a multiple of 268?
False
Is 316 a factor of 489168?
True
Is 67188 a multiple of 132?
True
Does 4 divide 6067222?
False
Does 17 divide 24552?
False
Does 4 divide 344604?
True
Does 170 divide 604305?
False
Is 299 a factor of 249492?
False
Does 50 divide 127608?
False
Does 55 divide 602965?
True
Is 220575 a multiple of 519?
True
Does 24 divide 64512?
True
Is 9317096 a multiple of 39?
False
Is 52 a factor of 806185?
False
Is 29 a factor of 171280?
False
Does 216 divide 492914?
False
Is 99 a factor of 3189115?
False
Is 31 a factor of 1562121?
True
Does 420 divide 630840?
True
Is 1210983 a multiple of 351?
False
Does 4 divide 1246042?
False
Is 234919 a multiple of 217?
False
Does 39 divide 161962?
False
Does 26 divide 201899?
False
Is 3507150 a multiple of 22?
False
Does 124 divide 363444?
True
Is 89276 a multiple of 488?
False
Is 10 a factor of 579629?
False
Is 245 a factor of 2547823?
False
Is 31 a factor of 3716249?
True
Is 68140 a multiple of 206?
False
Is 2341946 a multiple of 320?
False
Does 272 divide 122476?
False
Does 37 divide 800178?
False
Is 3344 a multiple of 4?
True
Does 47 divide 5804124?
True
Does 26 divide 10401066?
True
Is 70224 a multiple of 19?
True
Is 274 a factor of 7354167?
False
Does 25 divide 168230?
False
Does 89 divide 162063?
False
Does 224 divide 2701216?
True
Is 466 a factor of 955248?
False
Is 70 a factor of 1944110?
True
Is 18 a factor of 3608631?
False
Does 13 divide 30953?
True
Does 137 divide 821523?
False
Does 77 divide 8553032?
False
Is 24 a factor of 1358405?
False
Is 358008 a multiple of 88?
False
Is 17 a factor of 246925?
True
Is 4602108 a multiple of 14?
True
Is 177 a factor of 12586?
False
Is 837224 even?
True
Is 32936 a multiple of 4?
True
Does 9 divide 101277?
True
Is 75049 a multiple of 15?
False
Is 22 a factor of 12236566?
False
Is 27 a factor of 42255?
True
Is 22671 a multiple of 37?
False
Is 474740 a multiple of 35?
True
Does 20 divide 192926?
False
Is 2221424 a multiple of 243?
False
Is 86912 a multiple of 112?
True
Is 752158 a multiple of 22?
True
Does 804 divide 10076549?
False
Does 61 divide 2243885?
True
Is 4022340 a multiple of 35?
True
Is 636180 a multiple of 460?
True
Is 125614 a multiple of 694?
True
Is 26 a factor of 2757881?
False
Is 224 a factor of 5326944?
True
Does 358 divide 1380806?
True
Is 46 a factor of 2239704?
False
Is 278 a factor of 4456062?
True
Does 2 divide 115791?
False
Is 7007188 a multiple of 6?
False
Is 12 a factor of 18252?
True
Does 186 divide 2915178?
True
Does 74 divide 64602?
True
Does 37 divide 938845?
False
Does 5 divide 2111324?
False
Is 2 a factor of 114858?
True
Does 153 divide 1752143?
False
Is 39 a factor of 779025?
True
Does 153 divide 220299?
False
Does 12 divide 190984?
False
Is 3551366 a multiple of 79?
True
Does 56 divide 122024?
True
Does 8 divide 31822?
False
Is 255455 a multiple of 33?
False
Does 32 divide 800224?
True
Is 2028882 a multiple of 51?
True
Does 7 divide 497749?
True
Does 2334 divide 12766980?
True
Is 134 a factor of 273868?
False
Does 30 divide 7262201?
False
Is 13 a factor of 346122?
False
Does 313 divide 1396187?
False
Is 445993 a multiple of 10?
False
Is 121 a factor of 186943?
False
Is 9 a factor of 1970550?
True
Does 122 divide 1627677?
False
Is 1278784 a multiple of 1121?
False
Is 255829 a multiple of 258?
False
Is 121814 a multiple of 77?
True
Is 138 a factor of 5883630?
True
Does 6 divide 124488?
True
Is 7 a factor of 1973491?
False
Is 11 a factor of 27326002?
True
Does 140 divide 621180?
True
Is 266 a factor of 828029?
False
Is 295188 a multiple of 34?
True
Is 662075 a multiple of 373?
True
Is 76 a factor of 105868?
True
Is 14 a factor of 58646?
True
Does 99 divide 1625305?
False
Is 214880 a 